ors of 4113?
3, 457
List the prime factors of 774248.
2, 17, 5693
List the prime factors of 3465610.
2, 5, 346561
List the prime factors of 172678.
2, 11, 47, 167
What are the prime factors of 3582949?
31, 41, 2819
List the prime factors of 2011461.
3, 670487
List the prime factors of 964009.
964009
What are the prime factors of 16990821?
3, 31, 60899
List the prime factors of 12236966.
2, 7, 23, 61, 89
What are the prime factors of 44239?
13, 41, 83
List the prime factors of 3583714.
2, 1791857
What are the prime factors of 858086?
2, 429043
What are the prime factors of 538267?
538267
What are the prime factors of 178546?
2, 89273
What are the prime factors of 182587?
182587
List the prime factors of 2432222.
2, 13, 139, 673
List the prime factors of 4937832.
2, 3, 68581
What are the prime factors of 8867445?
3, 5, 591163
List the prime factors of 48633.
3, 13, 29, 43
List the prime factors of 6379946.
2, 3189973
What are the prime factors of 735873?
3, 245291
List the prime factors of 451146.
2, 3, 17, 4423
List the prime factors of 4248883.
4248883
List the prime factors of 222020.
2, 5, 17, 653
What are the prime factors of 15776823?
3, 479, 10979
List the prime factors of 10028430.
2, 3, 5, 111427
List the prime factors of 292467.
3, 7, 19, 733
What are the prime factors of 3784929?
3, 1261643
List the prime factors of 131018.
2, 109, 601
List the prime factors of 183587.
183587
What are the prime factors of 786491?
786491
List the prime factors of 9922096.
2, 727, 853
What are the prime factors of 468154?
2, 79, 2963
List the prime factors of 1266881.
7, 11, 16453
What are the prime factors of 75754?
2, 7, 773
What are the prime factors of 678764?
2, 169691
List the prime factors of 4666313.
17, 274489
What are the prime factors of 14000219?
47, 139, 2143
What are the prime factors of 7542640?
2, 5, 7, 13469
List the prime factors of 8882364.
2, 3, 17, 43541
List the prime factors of 343202.
2, 157, 1093
List the prime factors of 169480.
2, 5, 19, 223
What are the prime factors of 8980246?
2, 11, 79, 5167
List the prime factors of 10439266.
2, 1553, 3361
List the prime factors of 10893653.
10893653
What are the prime factors of 110045?
5, 13, 1693
What are the prime factors of 1658198?
2, 131, 6329
What are the prime factors of 299242?
2, 157, 953
List the prime factors of 4278074.
2, 107, 19991
What are the prime factors of 6329547?
3, 7, 100469
What are the prime factors of 3019817?
1181, 2557
What are the prime factors of 196513?
41, 4793
What are the prime factors of 6781140?
2, 3, 5, 101, 373
List the prime factors of 182257.
17, 71, 151
What are the prime factors of 3109468?
2, 127, 6121
List the prime factors of 9796457.
11, 19, 2467
List the prime factors of 16101837.
3, 1789093
What are the prime factors of 2544914?
2, 31, 41047
List the prime factors of 2457468.
2, 3, 13, 59, 89
What are the prime factors of 23854811?
23854811
What are the prime factors of 258253?
258253
List the prime factors of 79388.
2, 89, 223
List the prime factors of 2242835.
5, 7, 64081
What are the prime factors of 3084676?
2, 7, 41, 2687
List the prime factors of 476386.
2, 313, 761
List the prime factors of 120952.
2, 13, 1163
What are the prime factors of 996902?
2, 151, 3301
List the prime factors of 3348327.
3, 47, 23747
What are the prime factors of 399183?
3, 271, 491
What are the prime factors of 979892?
2, 23, 10651
List the prime factors of 114223.
17, 6719
List the prime factors of 13491526.
2, 6745763
What are the prime factors of 696699?
3, 199, 389
List the prime factors of 900996.
2, 3, 75083
What are the prime factors of 3367868?
2, 7, 17183
List the prime factors of 3782998.
2, 1891499
List the prime factors of 579385.
5, 115877
List the prime factors of 5389705.
5, 23, 46867
What are the prime factors of 456954?
2, 3, 76159
List the prime factors of 365659.
7, 52237
What are the prime factors of 1186879?
1186879
List the prime factors of 895740.
2, 3, 5, 14929
What are the prime factors of 6007?
6007
What are the prime factors of 2167015?
5, 347, 1249
What are the prime factors of 1808644?
2, 452161
List the prime factors of 1706235.
3, 5, 113749
What are the prime factors of 10997595?
3, 5, 7, 34913
What are the prime factors of 67802?
2, 7, 29, 167
List the prime factors of 2114480.
2, 5, 26431
What are the prime factors of 3200745?
3, 5, 213383
What are the prime factors of 252389?
67, 3767
List the prime factors of 283667.
331, 857
List the prime factors of 1055173.
7, 17, 8867
What are the prime factors of 643437?
3, 23831
What are the prime factors of 350612?
2, 23, 37, 103
What are the prime factors of 160525?
5, 6421
What are the prime factors of 166004?
2, 47, 883
List the prime factors of 15703189.
17, 337, 2741
List the prime factors of 315881.
315881
List the prime factors of 108697.
73, 1489
What are the prime factors of 1076801?
11, 53, 1847
List the prime factors of 295939.
7, 67, 631
What are the prime factors of 3360168?
2, 3, 7, 59, 113
What are the prime factors of 4818105?
3, 5, 107069
What are the prime factors of 10100560?
2, 5, 126257
What are the prime factors of 1570856?
2, 7, 28051
What are the prime factors of 3731?
7, 13, 41
What are the prime factors of 454937?
7, 17, 3823
List the prime factors of 235694.
2, 191, 617
List the prime factors of 9193577.
31, 71, 4177
What are the prime factors of 174230?
2, 5, 7, 19, 131
What are the prime factors of 3568339?
97, 36787
List the prime factors of 3814713.
3, 7, 151, 401
List the prime factors of 2391079.
29, 41, 2011
List the prime factors of 331371.
3, 4091
List the prime factors of 1012811.
1012811
What are the prime factors of 725234?
2, 113, 3209
List the prime factors of 345337.
151, 2287
List the prime factors of 682811.
682811
List the prime factors of 1178936.
2, 11, 13397
List the prime factors of 94837.
94837
List the prime factors of 556033.
43, 67, 193
List the prime factors of 236564.
2, 59141
List the prime factors of 63889.
7, 9127
What are the prime factors of 13260518?
2, 19, 151, 2311
List the prime factors of 14950642.
2, 7, 1067903
What are the prime factors of 9527859?
3, 11, 157, 613
List the prime factors of 26281920.
2, 3, 5, 7, 3911
List the prime factors of 20023019.
773, 25903
What are the prime factors of 6191146?
2, 13, 1409
What are the prime factors of 503610?
2, 3, 5, 16787
What are the prime factors of 7232318?
2, 41, 89, 991
List the prime factors of 845610.
2, 3, 5, 71, 397
What are the prime factors of 262600?
2, 5, 13, 101
What are the prime factors of 7043908?
2, 19, 92683
What are the prime factors of 1172092?
2, 179, 1637
List the prime factors of 68596.
2, 11, 1559
What are the prime factors of 26238732?
2, 3, 13, 168197
List the prime factors of 1043462.
2, 7, 73, 1021
What are the prime factors of 5604698?
2, 11, 373, 683
List the prime factors of 237610.
2, 5, 23761
What are the prime factors of 202523?
31, 47, 139
List the prime factors of 1353049.
353, 3833
What are the prime factors of 4713977?
4713977
List the prime factors of 20995624.
2, 13, 201881
What are the prime factors of 951818?
2, 7, 67987
What are the prime factors of 1243848?
2, 3, 51827
What are the prime factors of 278893?
29, 59, 163
List the prime factors of 118942.
2, 59471
What are the prime factors of 898133?
898133
List the prime factors of 275698.
2, 137849
What are the prime factors of 1024257?
3, 13, 26263
What are the prime factors of 2465185?
5, 229, 2153
What are the prime factors of 967621?
53, 18257
List the prime factors of 4267684.
2, 659, 1619
What are the prime factors of 23474?
2, 11, 97
What are the prime factors of 638696?
2, 29, 2753
List the prime factors of 10067853.
3, 19, 176629
What are the prime factors of 16521316?
2, 7, 83, 7109
What are the prime factors of 959263?
959263
What are the prime factors of 7888177?
11, 251, 2857
What are the prime factors of 9035631?
3, 11, 10141
List the prime factors of 218811.
3, 72937
What are the prime factors of 332848?
2, 71, 293
What are the prime factors of 11655849?
3, 41, 193, 491
List the prime factors of 12384594.
2, 3, 47, 14639
What are the prime factors of 3074906?
2, 73, 21061
List the prime factors of 8033441.
13, 311, 1987
List the prime factors of 21598903.
769, 280